3*f + 27835. Is f a prime number?
False
Let v = 5 - 3. Suppose v*s + 21*h - 7576 = 16*h, 2*h - 18961 = -5*s. Is s composite?
False
Let c(o) = -3*o**3 - 2*o**3 + 22*o + 54*o**2 - 72*o**2 + 6*o**3. Let f be c(18). Let i = f - 247. Is i a composite number?
False
Suppose -5755 = 35*r - 34*r. Let g = r + 9752. Is g a composite number?
True
Suppose 2906109 + 6040684 = 23*z. Is z prime?
True
Let r = -153 - -158. Suppose -2*s + 636 = r*q - 1365, 999 = s + 4*q. Is s composite?
True
Let t(f) = -4*f**3 + 5*f**2 - 10*f - 35. Let j be t(-23). Let q = j + -30089. Is q a composite number?
False
Let a = 201978 - 103681. Is a a prime number?
True
Let o = -1538 - 1975. Let w = 5564 + o. Is w a prime number?
False
Let r = -1572 - -597. Let a = r + 1628. Is a a prime number?
True
Let y = 49140 + 61331. Is y composite?
True
Let a(z) = 6*z**2 - 4*z + 1. Let j be a(-4). Let c = -480 - -708. Let d = c - j. Is d composite?
True
Let u(x) = -x**3 - 42*x**2 - 111*x + 15. Is u(-43) a composite number?
False
Let h = -1111 - -2341. Suppose h = y + 5*m, 3*y - m - 3*m - 3671 = 0. Suppose 532 + y = 7*s. Is s composite?
False
Is (1455690/(-21))/(40/(-140)) composite?
True
Let s(v) = 18*v + 971. Let p be s(-49). Suppose -n + 23 = -3*f, -6*f = -2*n - f + 41. Suppose n*k - 12913 = -p. Is k composite?
True
Let o = 4200 - -138949. Is o composite?
True
Is (1/3)/(584/(-146) - (-184189)/46047) a composite number?
False
Let i(m) = 3872*m**3 + m**2 + 3*m - 1. Is i(2) prime?
False
Is ((-264)/396)/((-2)/778827) a prime number?
False
Let l(y) = 5883*y**2 + 23*y + 271. Is l(-9) a composite number?
False
Suppose -k + o + 3394 = 0, 3*k + o + 1346 = 11528. Is 3/(-6)*2 + 2*k composite?
True
Suppose -4*d + 72 = 2*v, 3*d - 2*v - 54 = -5*v. Suppose 4*t - 601942 = -d*t. Is t a prime number?
True
Let u(m) = -m**2 - m + 1. Let s(f) = 11*f**2 - 3*f + 4. Let z(a) = s(a) - 5*u(a). Is z(14) prime?
True
Let w(x) = -994806*x**3 - 2*x**2 + 7*x + 10. Is w(-1) composite?
True
Let f(z) be the first derivative of -11*z**5/20 - z**4/12 - z**3/3 + 11*z**2/2 + 37*z - 40. Let w(q) be the first derivative of f(q). Is w(-5) prime?
False
Suppose 7*r - 2*r - w = 0, w - 7 = -2*r. Is r*1*(5 - -1944) composite?
False
Suppose -c - 4*c + 2*u = -72, -3*c - 5*u + 37 = 0. Suppose 7*w - c*w + 301 = 0. Suppose -8 = -4*k, -4 = s + k - w. Is s composite?
False
Let i(h) = 8736*h**3 - 17*h**2 + 9*h - 15. Is i(4) a composite number?
True
Let n be 0/(2 + -7 - -3). Let q(k) = 2*k**3 - k**2 + k + 491. Is q(n) prime?
True
Let h(f) = 372*f**3 + 2*f**2 + 4*f - 5. Let u be h(1). Suppose 17413 = -362*d + u*d. Is d a prime number?
True
Suppose 45*n = 26*n + 27*n - 32. Suppose 3*t - 3 = 3*y, -3 = 2*y + y. Suppose t*c + 3045 = 5*c + n*p, 4*p = -20. Is c prime?
True
Suppose -72 = -6*c - 12. Let s(h) = 9*h - 27. Let r(l) = 1. Let x(b) = -4*r(b) + s(b). Is x(c) a composite number?
False
Let i(n) = n**3 + 5*n**2 - 2*n - 7. Let t be i(-5). Suppose -31*q - t*q = -360298. Is q composite?
False
Let l(a) = -8*a - 4. Let s be l(-1). Suppose 2*b - 2*q = -4, 4 + 24 = -s*b - q. Is 3076/(-2)*5/(-4 + b) composite?
False
Let m(h) = -5*h**2 + 106*h - 17. Let c be m(21). Suppose 2*j - 4*u = -j + 18393, -c*j = 5*u - 24524. Is j a prime number?
True
Let q = 1 - -2. Suppose x - 1790 = -2*k, 0*x - 1790 = -2*k + q*x. Suppose v + y - 484 = 0, 2*v - 3*y - 63 - k = 0. Is v prime?
False
Let f(o) = -o**3 + 2*o**2 - o + 7. Let u be f(2). Suppose 5*s + 0*q - 2*q - 6999 = 0, -u*q = -2*s + 2808. Is s a prime number?
True
Let b(m) = 51*m**2 + 61*m + 450. Let k be b(-9). Suppose 21717 = 4*w - w. Suppose 3*p - w = 3*c, -c = -4*p + 5620 + k. Is p composite?
True
Let q(t) = 14711*t + 692. Is q(7) a composite number?
False
Let b = 326 + -326. Suppose 2*z + 2*j = 3084, 2*z - 5*j + 1238 - 4287 = b. Is z prime?
False
Suppose -16*g - 44514 = -14*g. Is (-2)/(6/g*3) a composite number?
False
Suppose -225*n + 221*n = 3*j - 2017850, 4*n = 2*j + 2017880. Is n a prime number?
False
Suppose g + 0 = -2. Let w(l) = l**2 - 249*l - 1728. Let z be w(-7). Is 4/(z/38968) + (-3)/g prime?
True
Let v(c) = 6094*c**3 - 13*c**2 + 76*c - 291. Is v(4) a prime number?
False
Let b(w) = 1126*w**2 + 7*w - 23. Let a be b(3). Let y = -5465 + a. Is y composite?
True
Let i(t) = t**2. Let z be 22 - 21 - 3/(-2 + 1). Let b(n) = 512*n**2 - 2*n + 3. Let c(u) = z*i(u) + b(u). Is c(2) a prime number?
True
Let g(d) = 46*d**2 - 11*d + 2. Let f be -91 - (3 - -1 - 8). Let p = f + 80. Is g(p) a composite number?
False
Suppose -101788 = 4*o - 5*o - 5*c, -712278 = -7*o - c. Is o composite?
True
Suppose 0 = -5*j - 116501 + 568716. Is j a composite number?
True
Let d(b) = 3*b**2 - 12*b - 2. Let z(w) = -4*w**2 + 11*w + 2. Let a(y) = -3*d(y) - 2*z(y). Let o be a(14). Suppose -13902 = -o*j - 4*j. Is j prime?
False
Suppose -4*u = -q + 6 - 23, -5*q - 4*u = -35. Suppose -a - 1240 = -q*w, 4*w - a = 851 + 802. Is w a composite number?
True
Suppose 0 = w - 4*o + 18, 5*w - 6*o = -9*o + 2. Is 0 - w - (-8543 + 32) prime?
True
Let u be (2 + (-30)/9)*(29 + (-732)/24). Let g = 4995 + -517. Suppose -5*b - y - 2*y = -g, -4477 = -5*b - u*y. Is b prime?
False
Let w(y) = -3*y**3 - 240*y**2 + 51*y + 293. Is w(-88) prime?
False
Let q(p) = p**3 + 21*p**2 + 2*p + 19. Let m(r) = -31*r + 24. Let g be m(6). Let c = g - -149. Is q(c) composite?
True
Let q(b) = 2*b**2 + 7*b + 15. Let z be q(-3). Suppose 16*g + 2*d = z*g + 3748, -5*g + 4685 = -3*d. Is g prime?
True
Let b be ((-168)/(-147))/((4/(-14))/(-1)). Suppose 4 = 2*k + 2, -i + 2184 = b*k. Suppose -o = s - i, -5*s - 1306 = 4*o - 10027. Is o prime?
True
Suppose 727893 = 5*m - f, -12*m - 3*f + 436707 = -9*m. Is m a prime number?
True
Suppose -156 + 141 = -5*j. Suppose a + 10154 = j*a. Is a prime?
True
Suppose -22*x = -16*x - 30. Suppose 4*q - 3*q - x*t - 5842 = 0, -2*q = 4*t - 11726. Is q composite?
False
Let r(u) = -11*u - 77. Let s be r(-7). Suppose s = k + 3, 0*k = -5*a - 4*k + 18173. Is a a prime number?
True
Let v(f) = -8*f - 136. Let s be v(-17). Suppose s = -2*q - 6, -b - 2*q + 3964 = -607. Is b prime?
False
Suppose -20*l + 16*l + 20 = 0. Suppose 4*g - 1487 = -l*t, 2*t + g + 301 = 3*t. Is t a composite number?
True
Let d = -255384 - -411737. Is d a prime number?
True
Let p = -17565 - -68346. Is p a composite number?
True
Suppose -4*s = 2*s + 60. Let h = -10 - s. Let v(i) = 2*i**2 - 2*i + 1007. Is v(h) prime?
False
Suppose -69165 = -5*u - 103*v + 98*v, -2*v = -8. Is u a composite number?
False
Let g = 1654 + 2871. Let r = 111 - 101. Suppose -r*k = -5965 - g. Is k prime?
True
Suppose 0 = 2*k - 5*k + 2*x + 393409, 0 = -3*k - 4*x + 393415. Is k composite?
True
Let p = -8378 + 24256. Let v = p + -8827. Is v a prime number?
False
Let q be (1 + 9/(-3))*-7. Suppose p + q = 14. Suppose l - 9*l + 12616 = p. Is l a prime number?
False
Let y(m) = 633*m - 2. Let b be (-28)/(-15) + 22/165. Suppose -b = -3*p + p. Is y(p) prime?
True
Let z(t) = -2*t**3 - 9*t**2 - 7*t - 13. Let a(w) = 3*w + 21. Let v = -3 - 7. Let r be a(v). Is z(r) a prime number?
False
Suppose 16*u = 5 + 187. Suppose -u*r = -94777 - 5171. Is r prime?
True
Is (-186)/465 - (-5476347)/5 composite?
True
Let f = 8947 - 5490. Is f a composite number?
False
Suppose 6*d + 7824 - 2010 = 0. Let v = 6226 + d. Is v a composite number?
True
Suppose 917067 + 1167807 = 186*l. Is l a composite number?
True
Let o(f) = -2070*f + 37. Let v(q) = q**2 + 16*q + 52. Let a be v(-11). Is o(a) a composite number?
False
Suppose -16*z + 344 + 1240 = 0. Let r(w) = 48 - 171*w - z + 19. Is r(-9) a prime number?
False
Let w(u) = u**2 - 5*u - 121. Let s be w(14). Suppose -s*x = g - 4738, 2*x - 3*g - 2832 = -x. Is x prime?
True
Let o be 0 - 0*(4 - (0 + 3)). Suppose o*s = 3*s + f + 134, -3*f - 230 = 5*s. Is (2/2 - 188)/(s/43) a composite number?
True
Let f(z) = -14*z**3 + 41*z**2 - 60*z + 75. Let i(t) = -8*t**3 + 21*t**2 - 30*t + 38. Let y(r) = -3*f(r) + 5*i(r). Is y(12) prime?
False
Let m = -564 + 564. Suppose m = 42*v - 147958 - 190520. Is v a prime number?
True
Suppose 15 = -3*h + 45. Suppose h*x - 79 = -9. Is (-10)/(x/((-7196)/8)) a prime number?
False
Suppose -3*f + 2*f + 2 = 0. Suppose -3*p + 170 = -f*p. Suppose -4*u + p - 18 = 0. Is u a prime number?
False
Let b(s) = 868*s**2 + 6*s + 2. Let r be b(-4). Suppose -5*o - f - r = -35736, 4368 = o - f. Is o composite?
False
Sup